ands digit of 665061?
5
What is the units digit of 228038?
8
What is the tens digit of 9335818?
1
What is the hundreds digit of 23263?
2
What is the hundred thousands digit of 832675?
8
What is the units digit of 327410?
0
What is the thousands digit of 194102?
4
What is the tens digit of 155190?
9
What is the tens digit of 434810?
1
What is the tens digit of 8109571?
7
What is the ten thousands digit of 264801?
6
What is the ten thousands digit of 294574?
9
What is the units digit of 183705?
5
What is the hundreds digit of 12336326?
3
What is the ten thousands digit of 125065?
2
What is the tens digit of 1187766?
6
What is the tens digit of 4884398?
9
What is the units digit of 924391?
1
What is the hundred thousands digit of 6224217?
2
What is the hundred thousands digit of 14759140?
7
What is the hundreds digit of 22822?
8
What is the ten thousands digit of 240848?
4
What is the ten thousands digit of 831023?
3
What is the thousands digit of 86669?
6
What is the ten thousands digit of 3375267?
7
What is the units digit of 3516165?
5
What is the tens digit of 315439?
3
What is the hundreds digit of 56951?
9
What is the hundred thousands digit of 1962711?
9
What is the hundred thousands digit of 265289?
2
What is the units digit of 4909807?
7
What is the hundred thousands digit of 575134?
5
What is the tens digit of 99364?
6
What is the units digit of 176299?
9
What is the thousands digit of 4368805?
8
What is the ten thousands digit of 434500?
3
What is the tens digit of 253703?
0
What is the ten thousands digit of 5732860?
3
What is the millions digit of 4151649?
4
What is the thousands digit of 12692883?
2
What is the hundreds digit of 18705835?
8
What is the hundred thousands digit of 22383606?
3
What is the ten thousands digit of 1008853?
0
What is the thousands digit of 753119?
3
What is the hundred thousands digit of 14999364?
9
What is the millions digit of 11828831?
1
What is the hundred thousands digit of 13577419?
5
What is the units digit of 7778430?
0
What is the thousands digit of 6701615?
1
What is the tens digit of 323223?
2
What is the hundreds digit of 122289?
2
What is the thousands digit of 1020438?
0
What is the tens digit of 938496?
9
What is the hundred thousands digit of 137594?
1
What is the thousands digit of 655377?
5
What is the tens digit of 1058285?
8
What is the hundreds digit of 13340237?
2
What is the millions digit of 1144969?
1
What is the thousands digit of 54991?
4
What is the hundred thousands digit of 5720243?
7
What is the tens digit of 4702795?
9
What is the hundreds digit of 1504216?
2
What is the hundreds digit of 1409988?
9
What is the ten thousands digit of 314058?
1
What is the hundreds digit of 6792710?
7
What is the ten millions digit of 20750224?
2
What is the thousands digit of 452229?
2
What is the thousands digit of 451092?
1
What is the thousands digit of 329115?
9
What is the hundreds digit of 13952799?
7
What is the tens digit of 10406887?
8
What is the units digit of 420669?
9
What is the hundreds digit of 94430?
4
What is the hundreds digit of 5188833?
8
What is the hundred thousands digit of 2547775?
5
What is the millions digit of 15044253?
5
What is the ten thousands digit of 2870812?
7
What is the hundred thousands digit of 4873136?
8
What is the units digit of 222327?
7
What is the units digit of 12693979?
9
What is the thousands digit of 1022771?
2
What is the ten thousands digit of 466363?
6
What is the tens digit of 2947594?
9
What is the ten thousands digit of 1153212?
5
What is the millions digit of 1641402?
1
What is the millions digit of 39615610?
9
What is the tens digit of 6101017?
1
What is the hundred thousands digit of 14733021?
7
What is the hundred thousands digit of 4057893?
0
What is the tens digit of 188619?
1
What is the ten thousands digit of 510769?
1
What is the hundreds digit of 392884?
8
What is the tens digit of 13609608?
0
What is the ten millions digit of 18666923?
1
What is the hundred thousands digit of 1745734?
7
What is the tens digit of 206165?
6
What is the thousands digit of 6860740?
0
What is the ten thousands digit of 112714?
1
What is the ten thousands digit of 212629?
1
What is the tens digit of 475036?
3
What is the units digit of 5454756?
6
What is the tens digit of 844115?
1
What is the thousands digit of 1842723?
2
What is the units digit of 458709?
9
What is the millions digit of 1186256?
1
What is the ten thousands digit of 3393737?
9
What is the units digit of 21434269?
9
What is the hundreds digit of 218090?
0
What is the tens digit of 9414835?
3
What is the thousands digit of 5397969?
7
What is the millions digit of 2651337?
2
What is the millions digit of 1218240?
1
What is the hundreds digit of 74630?
6
What is the millions digit of 4158164?
4
What is the hundred thousands digit of 7727164?
7
What is the thousands digit of 977588?
7
What is the hundred thousands digit of 321469?
3
What is the hundreds digit of 5252823?
8
What is the ten thousands digit of 196726?
9
What is the hundreds digit of 289960?
9
What is the hundred thousands digit of 307324?
3
What is the units digit of 3245437?
7
What is the units digit of 265240?
0
What is the thousands digit of 1238291?
8
What is the ten thousands digit of 767912?
6
What is the units digit of 8197407?
7
What is the hundreds digit of 2166936?
9
What is the millions digit of 8198323?
8
What is the hundred thousands digit of 4253170?
2
What is the tens digit of 167943?
4
What is the ten thousands digit of 5478055?
7
What is the hundreds digit of 44361?
3
What is the hundreds digit of 10946401?
4
What is the hundreds digit of 8665151?
1
What is the units digit of 130670?
0
What is the tens digit of 3075982?
8
What is the ten thousands digit of 44976?
4
What is the millions digit of 10573763?
0
What is the hundred thousands digit of 129215?
1
What is the tens digit of 546101?
0
What is the ten thousands digit of 576602?
7
What is the hundreds digit of 1032524?
5
What is the units digit of 10244326?
6
What is the ten thousands digit of 5220001?
2
What is the hundred thousands digit of 4334982?
3
What is the tens digit of 1110575?
7
What is the hundreds digit of 2336453?
4
What is the hundred thousands digit of 2514014?
5
What is the thousands digit of 2634594?
4
What is the ten thousands digit of 1060366?
6
What is the ten thousands digit of 10513967?
1
What is the millions digit of 6012161?
6
What is the thousands digit of 5441848?
1
What is the thousands digit of 341430?
1
What is the units digit of 149275?
5
What is the tens digit of 817735?
3
What is the millions digit of 8426480?
8
What is the hundred thousands digit of 11025502?
0
What is the hundreds digit of 8388662?
6
What is the tens digit of 605455?
5
What is the hundreds digit of 5160459?
4
What is the ten thousands digit of 4697543?
9
What is the units digit of 327442?
2
What is the hundred thousands digit of 446765?
4
What is the hundreds digit of 235729?
7
What is the hundreds digit of 832182?
1
What is the hundred thousands digit of 990506?
9
What is the millions digit of 4961028?
4
What is the thousands digit of 488321?
8
What is the ten millions digit of 19346829?
1
What is the units digit of 307592?
2
What is the millions digit of 2355822?
2
What is the hundred thousands digit of 696908?
6
What is the hundred thousands digit of 9394527?
3
What is the thousands digit of 1524469?
4
What is the hundreds digit of 22849293?
2
What is the thousands digit of 71917?
1
What is the ten thousands digit of 924945?
2
What is the thousands digit of 5646284?
6
What is the thousands digit of 1808048?
8
What is the ten thousands digit of 4097962?
9
What is the hundreds digit of 7124235?
2
What is the hundred thousands digit of 2622283?
6
What is the tens digit of 21067?
6
What is the ten thousands digit of 69057?
6
What is the units digit of 13555?
5
What is the ten thousands digit of 16878533?
7
What is the units digit of 27478834?
4
What is the tens digit of 342093?
9
What is the ten millions digit of 11270921?
1
What is the units digit of 3236972?
2
What is the hundreds digit of 2367285?
2
What is the millions digit of 3443713?
3
What is the ten thousands digit of 284135?
8
What is the ten thousands digit of 1000187?
0
What is the hund